{"id":1869,"date":"2023-07-04T14:09:38","date_gmt":"2023-07-04T14:09:38","guid":{"rendered":"https:\/\/bonvivant-suisse.ch\/?post_type=product&#038;p=1869"},"modified":"2026-02-25T02:28:39","modified_gmt":"2026-02-25T02:28:39","slug":"cashmere-120ml","status":"publish","type":"product","link":"https:\/\/bonvivant-suisse.ch\/?product=cashmere-120ml","title":{"rendered":"Cashmere 120ml"},"content":{"rendered":"<div class=\"page\" title=\"Page 2\">\n<div class=\"section\">\n<div class=\"layoutArea\">\n<div class=\"column\">\n<p>F\u00fchren Sie die beigef\u00fcgten St\u00e4bchen in das Flakon ein, sodass die kostbare Fl\u00fcssigkeit absorbiert und sich f\u00fcr die Raumatmosph\u00e4re sanft entfalten kann.<\/p>\n<p>Die Duftintensit\u00e4t kann durch weniger oder mehr Duftst\u00e4bchen gesteuert werden. Je mehr St\u00e4bchen im Flakon, umso intensiver das Dufterlebnis.<br \/>\nDas Drehen der Duftst\u00e4bchen kann gegebenenfalls ihre Anwendungen beeintr\u00e4chtigen.<br \/>\nGeniessen Sie diese einzigartige Atmosph\u00e4re bis zu 3 Monate lang. Wie ein guter Wein altern unsere Duftkreationen wunderbar im Flakon, solange sie in der edlen Verpackung vor direkter Sonneneinstrahlung und Hitze gesch\u00fctzt sind.<br \/>\n<strong>Hinweis:<\/strong> Wenn Sie die St\u00e4bchen regelm\u00e4ssig bewegen, wird das \u00d6l schneller verbraucht.<br \/>\n<strong>Tipp:<\/strong> Verwenden Sie weniger Duftst\u00e4bchen in kleineren R\u00e4umen, wenn Sie m\u00f6chten, dass das \u00d6l l\u00e4nger h\u00e4lt.<br \/>\nBitte waschen Sie sich Ihre H\u00e4nde anschliessend mit Seife.<\/p>\n<\/div>\n<\/div>\n<\/div>\n<\/div>\n","protected":false},"excerpt":{"rendered":"<p class=\"p1\">Unser luxuri\u00f6ser Bon Vivant definiert das Konzept des Raumduftes v\u00f6llig neu und wurde als Parfum d\u2019Ambiance kreiert.<span class=\"s1\"><br \/>\n<\/span>Mit Verwendung der hochwertigsten \u00d6le aus aller Welt, erschaffen wir ein luxuri\u00f6ses Duft Ambiente und eine einzigartige und sinnliche Atmosph\u00e4re.<span class=\"s1\"><br \/>\n<\/span>Lassen Sie sich von dem geheimnisvollen Charakter dieses Duftes ansprechen und geniessen Sie den Moment.<span class=\"s1\"><br \/>\n<\/span>Denn Bon Vivant widmet sich den angenehmen Seiten des Lebens und steht f\u00fcr Genuss.<\/p>\n<p class=\"p1\">Duftrichtung: holzig, w\u00fcrzig, orientalisch-s\u00fcss<\/p>\n<p class=\"p1\">Duftintensit\u00e4t: 3 I 5<\/p>\n<p class=\"p1\">Duftdauer 120ml:<\/p>\n<ul>\n<li class=\"p1\">Bei 1 &#8211; 2 St\u00e4bchen I 7 &#8211; 8 Monate<\/li>\n<li class=\"p1\">Bei 3 St\u00e4bchen I 5 &#8211; 6 Monate<\/li>\n<li class=\"p1\">Bei 4 &#8211; 5 St\u00e4bchen I 3 &#8211; 4 Monate<\/li>\n<\/ul>\n","protected":false},"featured_media":1876,"comment_status":"open","ping_status":"closed","template":"","meta":{"inline_featured_image":false},"product_brand":[],"product_cat":[32],"product_tag":[],"class_list":{"0":"post-1869","1":"product","2":"type-product","3":"status-publish","4":"has-post-thumbnail","6":"product_cat-cashmere","8":"first","9":"instock","10":"shipping-taxable","11":"purchasable","12":"product-type-simple"},"jetpack_sharing_enabled":true,"_links":{"self":[{"href":"https:\/\/bonvivant-suisse.ch\/index.php?rest_route=\/wp\/v2\/product\/1869","targetHints":{"allow":["GET"]}}],"collection":[{"href":"https:\/\/bonvivant-suisse.ch\/index.php?rest_route=\/wp\/v2\/product"}],"about":[{"href":"https:\/\/bonvivant-suisse.ch\/index.php?rest_route=\/wp\/v2\/types\/product"}],"replies":[{"embeddable":true,"href":"https:\/\/bonvivant-suisse.ch\/index.php?rest_route=%2Fwp%2Fv2%2Fcomments&post=1869"}],"wp:featuredmedia":[{"embeddable":true,"href":"https:\/\/bonvivant-suisse.ch\/index.php?rest_route=\/wp\/v2\/media\/1876"}],"wp:attachment":[{"href":"https:\/\/bonvivant-suisse.ch\/index.php?rest_route=%2Fwp%2Fv2%2Fmedia&parent=1869"}],"wp:term":[{"taxonomy":"product_brand","embeddable":true,"href":"https:\/\/bonvivant-suisse.ch\/index.php?rest_route=%2Fwp%2Fv2%2Fproduct_brand&post=1869"},{"taxonomy":"product_cat","embeddable":true,"href":"https:\/\/bonvivant-suisse.ch\/index.php?rest_route=%2Fwp%2Fv2%2Fproduct_cat&post=1869"},{"taxonomy":"product_tag","embeddable":true,"href":"https:\/\/bonvivant-suisse.ch\/index.php?rest_route=%2Fwp%2Fv2%2Fproduct_tag&post=1869"}],"curies":[{"name":"wp","href":"https:\/\/api.w.org\/{rel}","templated":true}]}}