{"id":1710,"date":"2023-06-18T02:15:20","date_gmt":"2023-06-18T02:15:20","guid":{"rendered":"http:\/\/bonvivant-suisse.ch.loopiadns.com\/?page_id=1710"},"modified":"2023-07-05T12:01:10","modified_gmt":"2023-07-05T12:01:10","slug":"our-brand","status":"publish","type":"page","link":"https:\/\/bonvivant-suisse.ch\/?page_id=1710","title":{"rendered":"Our Brand"},"content":{"rendered":"[vc_row type=&#187;full_width_content&#187; full_screen_row_position=&#187;middle&#187; column_margin=&#187;default&#187; equal_height=&#187;yes&#187; content_placement=&#187;middle&#187; column_direction=&#187;default&#187; column_direction_tablet=&#187;default&#187; column_direction_phone=&#187;default&#187; scene_position=&#187;center&#187; top_padding=&#187;12%&#187; bottom_padding=&#187;5%&#187; left_padding_desktop=&#187;27vw&#187; constrain_group_2=&#187;yes&#187; right_padding_desktop=&#187;27vw&#187; bottom_padding_tablet=&#187;12%&#187; left_padding_tablet=&#187;20vw&#187; constrain_group_4=&#187;yes&#187; right_padding_tablet=&#187;20vw&#187; left_padding_phone=&#187;7vw&#187; constrain_group_6=&#187;yes&#187; right_padding_phone=&#187;7vw&#187; text_color=&#187;dark&#187; text_align=&#187;left&#187; row_border_radius=&#187;none&#187; row_border_radius_applies=&#187;bg&#187; overflow=&#187;visible&#187; advanced_gradient_angle=&#187;0&#8243; overlay_strength=&#187;0.3&#8243; gradient_direction=&#187;left_to_right&#187; shape_divider_position=&#187;bottom&#187; bg_image_animation=&#187;none&#187; gradient_type=&#187;default&#187; shape_type=&#187;&#187;][vc_column column_element_direction_desktop=&#187;default&#187; column_element_spacing=&#187;0px&#187; desktop_text_alignment=&#187;default&#187; tablet_text_alignment=&#187;default&#187; phone_text_alignment=&#187;default&#187; background_color_opacity=&#187;1&#8243; background_hover_color_opacity=&#187;1&#8243; column_backdrop_filter=&#187;none&#187; column_shadow=&#187;none&#187; column_border_radius=&#187;none&#187; column_link_target=&#187;_self&#187; column_position=&#187;static&#187; advanced_gradient_angle=&#187;65&#8243; width=&#187;1\/1&#8243; tablet_width_inherit=&#187;default&#187; animation_type=&#187;default&#187; bg_image_animation=&#187;none&#187; border_type=&#187;simple&#187; column_border_width=&#187;none&#187; column_border_style=&#187;solid&#187; column_padding_type=&#187;advanced&#187; gradient_type=&#187;advanced&#187; advanced_gradient_display_type=&#187;linear&#187;][vc_row_inner column_margin=&#187;default&#187; column_direction=&#187;default&#187; column_direction_tablet=&#187;default&#187; column_direction_phone=&#187;default&#187; bottom_padding=&#187;7%&#187; text_align=&#187;left&#187; row_position=&#187;default&#187; row_position_tablet=&#187;inherit&#187; row_position_phone=&#187;inherit&#187; overflow=&#187;visible&#187; pointer_events=&#187;all&#187;][vc_column_inner column_padding=&#187;no-extra-padding&#187; column_padding_tablet=&#187;inherit&#187; column_padding_phone=&#187;inherit&#187; column_padding_position=&#187;all&#187; column_element_direction_desktop=&#187;default&#187; column_element_spacing=&#187;0px&#187; desktop_text_alignment=&#187;default&#187; tablet_text_alignment=&#187;default&#187; phone_text_alignment=&#187;default&#187; background_color_opacity=&#187;1&#8243; background_hover_color_opacity=&#187;1&#8243; column_backdrop_filter=&#187;none&#187; column_shadow=&#187;none&#187; column_border_radius=&#187;none&#187; column_link_target=&#187;_self&#187; overflow=&#187;visible&#187; gradient_direction=&#187;left_to_right&#187; overlay_strength=&#187;0.3&#8243; width=&#187;1\/1&#8243; tablet_width_inherit=&#187;default&#187; animation_type=&#187;default&#187; enable_animation=&#187;true&#187; animation=&#187;fade-in&#187; animation_easing=&#187;default&#187; bg_image_animation=&#187;none&#187; border_type=&#187;simple&#187; column_border_width=&#187;none&#187; column_border_style=&#187;solid&#187; column_padding_type=&#187;default&#187; gradient_type=&#187;default&#187; animation_offset=&#187;90%&#187;][nectar_animated_shape shape_color=&#187;#ffffff&#187; width_desktop=&#187;15vw&#187; animation=&#187;none&#187; animation_easing=&#187;default&#187; animation_movement_type=&#187;transform_y&#187; animation_movement_intensity=&#187;0.6&#8243; animation_movement_persist_on_mobile=&#187;true&#187; position_desktop=&#187;absolute&#187; top_position_desktop=&#187;0&#8243; left_position_desktop=&#187;0&#8243; translate_y_desktop=&#187;-30%&#187; translate_x_desktop=&#187;-50%&#187; zindex=&#187;-1&#8243;][nectar_highlighted_text scribble_color=&#187;#a4865c&#187; style=&#187;scribble&#187; scribble_shape=&#187;squiggle-underline&#187; scribble_thickness=&#187;thick&#187; scribble_speed=&#187;1.8s&#187; scribble_easing=&#187;ease_in_out&#187; custom_font_size=&#187;3vw&#187; id=&#187;circle-highlight2&#8243; font_line_height=&#187;1.4&#8243; font_size_tablet=&#187;4vw&#187; font_size_phone=&#187;5vw&#187;]\n<h3>Willkommen bei Bon Vivant Suisse, dem schweizerischen Parf\u00fcmeriehaus, das von zwei jungen Parf\u00fcmeuren<em> gegr\u00fcndet wurde<\/em>.<\/h3>\n[\/nectar_highlighted_text][\/vc_column_inner][\/vc_row_inner][vc_row_inner column_margin=&#187;default&#187; column_direction=&#187;default&#187; column_direction_tablet=&#187;default&#187; column_direction_phone=&#187;default&#187; text_align=&#187;left&#187; row_position=&#187;default&#187; row_position_tablet=&#187;inherit&#187; row_position_phone=&#187;inherit&#187; overflow=&#187;visible&#187; pointer_events=&#187;all&#187;][vc_column_inner column_padding=&#187;no-extra-padding&#187; column_padding_tablet=&#187;inherit&#187; column_padding_phone=&#187;inherit&#187; column_padding_position=&#187;all&#187; column_element_direction_desktop=&#187;default&#187; column_element_spacing=&#187;default&#187; desktop_text_alignment=&#187;default&#187; tablet_text_alignment=&#187;default&#187; phone_text_alignment=&#187;default&#187; background_color_opacity=&#187;1&#8243; background_hover_color_opacity=&#187;1&#8243; column_backdrop_filter=&#187;none&#187; column_shadow=&#187;none&#187; column_border_radius=&#187;none&#187; column_link_target=&#187;_self&#187; overflow=&#187;visible&#187; gradient_direction=&#187;left_to_right&#187; overlay_strength=&#187;0.3&#8243; width=&#187;1\/1&#8243; tablet_width_inherit=&#187;default&#187; animation_type=&#187;default&#187; bg_image_animation=&#187;none&#187; border_type=&#187;simple&#187; column_border_width=&#187;none&#187; column_border_style=&#187;solid&#187; column_padding_type=&#187;default&#187; gradient_type=&#187;default&#187;][split_line_heading animation_type=&#187;line-reveal-by-space&#187; font_style=&#187;p&#187; line_reveal_by_space_text_effect=&#187;default&#187; stagger_animation=&#187;true&#187; content_alignment=&#187;default&#187; mobile_content_alignment=&#187;inherit&#187; link_target=&#187;_self&#187; text_content=&#187;Wir kreieren D\u00fcfte voller Emotionen um Geschichten zu erz\u00e4hlen. Jede unserer einzigartigen Duftkreationen entsteht aus den hochwertigsten \u00d6len und wird mit viel Liebe zur Handarbeit hergestellt. Diese Emotionen und Erinnerungen m\u00f6chten wir mit Ihnen teilen.&#187; font_size=&#187;1.2vw&#187; max_width=&#187;90%&#187; font_line_height=&#187;1.8&#8243; font_size_tablet=&#187;16px&#187;][\/split_line_heading][vc_column_text]Unsere Philosophie besagt, dass jedes Zuhause, jeder Arbeitsraum und jedes Zimmer einen wundervollen Duft verdient. Mit unserem innovativen Konzept des &#171;Parfum d&#8217;Ambiance&#187; streben wir danach, den unterschiedlichsten Geschm\u00e4ckern und Vorlieben gerecht zu werden. Bei Bon Vivant sind die zauberhaften D\u00fcfte der Vielfalt eingefangen.<\/p>\n<p>Durch unsere Reisen in verschiedene L\u00e4nder und Kulturen haben wir delikate Aromen entdeckt, die unsere Raumd\u00fcfte einzigartig machen. Inspiriert von den fernen K\u00fcsten des Mittelmeers bis hin zu den exotischen Gew\u00fcrzm\u00e4rkten Asiens, erz\u00e4hlt jeder Duft eine eigene Geschichte und entf\u00fchrt Sie an Orte voller Sch\u00f6nheit und fesselnder Erlebnisse.<\/p>\n<p>Die Marke Bon Vivant steht f\u00fcr Genuss, Emotionen und Erinnerungen. Wir sind der festen \u00dcberzeugung, dass ein guter Duft nicht nur eine fl\u00fcchtige Erfahrung sein sollte, sondern ein lang anhaltendes Vergn\u00fcgen bieten kann. Daher legen wir gro\u00dfen Wert auf Qualit\u00e4t und Langlebigkeit.<\/p>\n<p>Unsere handgefertigten Produkte werden mit gro\u00dfer Sorgfalt hergestellt, um Ihnen lang anhaltende Freude zu bereiten.<\/p>\n<p>Unsere Leidenschaft f\u00fcr D\u00fcfte treibt uns immer wieder dazu an, neue Kreationen zu erschaffen, die Ihre Sinne verzaubern und Ihre Stimmung positiv beeinflussen. Jeder Duft ist wie ein Kunstwerk, das mit Leidenschaft und Hingabe geschaffen wurde, um Ihre Umgebung zu bereichern.<\/p>\n<p>Tauchen Sie ein in die faszinierende Welt von Bon Vivant Suisse und lassen Sie sich von unseren einzigartigen D\u00fcften verf\u00fchren. Erleben Sie die Magie, die in jedem Flakon eingefangen ist, und begeben Sie sich auf eine unvergessliche Sinnesreise. Herzlich willkommen in einer Welt voller Genuss, Emotionen und Erinnerungen \u2013 Herzlich willkommen bei Bon Vivant Suisse.[\/vc_column_text][\/vc_column_inner][\/vc_row_inner][\/vc_column][\/vc_row]\n","protected":false},"excerpt":{"rendered":"<p>[vc_row type=&#187;full_width_content&#187; full_screen_row_position=&#187;middle&#187; column_margin=&#187;default&#187; equal_height=&#187;yes&#187; content_placement=&#187;middle&#187; column_direction=&#187;default&#187; column_direction_tablet=&#187;default&#187; column_direction_phone=&#187;default&#187; scene_position=&#187;center&#187; top_padding=&#187;12%&#187; bottom_padding=&#187;5%&#187; left_padding_desktop=&#187;27vw&#187; constrain_group_2=&#187;yes&#187; right_padding_desktop=&#187;27vw&#187; bottom_padding_tablet=&#187;12%&#187; left_padding_tablet=&#187;20vw&#187; constrain_group_4=&#187;yes&#187; right_padding_tablet=&#187;20vw&#187; left_padding_phone=&#187;7vw&#187; constrain_group_6=&#187;yes&#187; right_padding_phone=&#187;7vw&#187; text_color=&#187;dark&#187; text_align=&#187;left&#187; row_border_radius=&#187;none&#187; row_border_radius_applies=&#187;bg&#187; overflow=&#187;visible&#187; advanced_gradient_angle=&#187;0&#8243; overlay_strength=&#187;0.3&#8243; gradient_direction=&#187;left_to_right&#187;&#8230;<\/p>\n","protected":false},"author":2,"featured_media":0,"parent":0,"menu_order":0,"comment_status":"closed","ping_status":"closed","template":"","meta":{"inline_featured_image":false,"footnotes":""},"class_list":["post-1710","page","type-page","status-publish"],"jetpack_sharing_enabled":true,"_links":{"self":[{"href":"https:\/\/bonvivant-suisse.ch\/index.php?rest_route=\/wp\/v2\/pages\/1710","targetHints":{"allow":["GET"]}}],"collection":[{"href":"https:\/\/bonvivant-suisse.ch\/index.php?rest_route=\/wp\/v2\/pages"}],"about":[{"href":"https:\/\/bonvivant-suisse.ch\/index.php?rest_route=\/wp\/v2\/types\/page"}],"author":[{"embeddable":true,"href":"https:\/\/bonvivant-suisse.ch\/index.php?rest_route=\/wp\/v2\/users\/2"}],"replies":[{"embeddable":true,"href":"https:\/\/bonvivant-suisse.ch\/index.php?rest_route=%2Fwp%2Fv2%2Fcomments&post=1710"}],"version-history":[{"count":10,"href":"https:\/\/bonvivant-suisse.ch\/index.php?rest_route=\/wp\/v2\/pages\/1710\/revisions"}],"predecessor-version":[{"id":1901,"href":"https:\/\/bonvivant-suisse.ch\/index.php?rest_route=\/wp\/v2\/pages\/1710\/revisions\/1901"}],"wp:attachment":[{"href":"https:\/\/bonvivant-suisse.ch\/index.php?rest_route=%2Fwp%2Fv2%2Fmedia&parent=1710"}],"curies":[{"name":"wp","href":"https:\/\/api.w.org\/{rel}","templated":true}]}}